.
7
Calculate the remainder when 17 is divided by ((-3)/5)/((-93)/30 + 3).
5
Let v be (-2)/4*(1 - 9). Let r = 4 - v. Suppose 4*q + z - 85 = 0, r = 3*q - 6*z + z - 81. What is the remainder when q is divided by 6?
4
Suppose -4*n + 2*n - 28 = 0. Let v be 4/14 + (-38)/n. Suppose -t + v = -1. What is the remainder when 11 is divided by t?
3
Suppose 0*j = -p - 2*j + 9, 4*j = -3*p + 23. Suppose 4*s + 32 = 8*s. What is the remainder when s is divided by p?
3
Let a(l) = -l - 6. Let q be a(-8). Calculate the remainder when (-44)/(-6) + 4/6 is divided by 3*q/6 + 4.
3
Let g = -12 + 17. Let p = g - 3. Suppose -p*f - 30 = -4*d, -d + 3 = -2*f - 0. Calculate the remainder when 16 is divided by d.
7
Let z be 2*(2 - 4/8). Suppose -z*w + 142 = 37. What is the remainder when w is divided by 19?
16
Let g(o) = o - 18. Let d be g(14). Let m(b) = 3*b**2 + 3*b - 2. Calculate the remainder when m(d) is divided by 9.
7
Let y(z) = -2*z**3 - 6*z**2 + 2*z - 3. Let q be y(-5). Suppose 0 = -x - 2*x - 12, 3*x - q = -3*k. Calculate the remainder when k is divided by 9.
6
Suppose 1 = -b, b - 288 = -5*x - b. Calculate the remainder when x is divided by 20.
18
What is the remainder when (-4070)/(-35) + 4/(-14) is divided by 30?
26
Let s(z) = -2*z - 2. Let r(k) = 3*k. Let p be r(3). Let v be s(p). What is the remainder when 20 is divided by (-228)/v + (-2)/5?
9
Let h(m) = -m**2 - 29*m - 16. What is the remainder when h(-27) is divided by 8?
6
Calculate the remainder when 13 is divided by 2/(3/(6 + 0)).
1
Suppose -2*i = -a - 32, -3*a + 31 = 4*i - 43. Calculate the remainder when 44 is divided by i.
10
Let u(b) = -b**2 + 9*b - 10. Calculate the remainder when 29 is divided by u(6).
5
Let u be (-4)/(-2)*2/(-4). Let k = 4 + u. Suppose 0 = k*s - s - 16. What is the remainder when 15 is divided by s?
7
Calculate the remainder when 65 is divided by 1/(-4) + 90/8.
10
Let w(j) be the third derivative of j**4/24 - j**3/6 + 2*j**2. Let n(g) = g**3 + 5*g**2 - 7*g + 8. Calculate the remainder when n(-6) is divided by w(6).
4
Let m be 64/3 - 10/(-15). Suppose 4*w = -z + m, -5*z - 9 + 35 = -w. Suppose 15 + 65 = 5*h. What is the remainder when h is divided by z?
4
Let z = 162 - 278. Let b = 181 + z. What is the remainder when b is divided by 17?
14
Let x(w) = -w**2 + 2*w. Let h = 4 + -2. Let l be x(h). Suppose 10 = 5*c - l. What is the remainder when 2 is divided by c?
0
Suppose 0*a + 3*t = 3*a - 93, t + 171 = 5*a. What is the remainder when a is divided by 9?
8
Let v = 3 - 2. Let m = 5 + v. Suppose -2*y - 160 = -m*y. What is the remainder when y is divided by 14?
12
What is the remainder when 116 is divided by (12/(-4) - -3 - 1)*-30?
26
Let c be ((-4)/2)/2*-4. Let y(v) = v**3 - 2*v**2 - 4*v. What is the remainder when y(c) is divided by 1 + 4 - -1*1?
4
Let c be 4/5 - (-124)/20. What is the remainder when 9 is divided by c + (0/(-2) - 1)?
3
Let l(o) = 2*o**3 + o**2. Let t be l(1). Suppose 0 = -t*f + 5*x - 17, 3*x = -2*f + 2*x + 6. Calculate the remainder when f is divided by (-1)/(-3) + (-6)/(-9).
0
Suppose 0 = -b + 4, 3*r + 3*b + 2*b - 29 = 0. Let n be 2 + r + -2 + -3. Suppose 94 = 3*f + z + 26, n = -z + 5. What is the remainder when f is divided by 11?
10
Suppose -s = -2*i + 226, 339 = 4*i - i - s. What is the remainder when i is divided by 23?
21
Let i be 1*-118 - 0 - -1. What is the remainder when ((-2)/(-3))/((-6)/i) is divided by (-28)/(-8) + (-3)/(-2)?
3
Suppose 12 = 2*x - 2*j, 3 - 26 = -3*x - 2*j. What is the remainder when (13/1)/(2/2) is divided by x?
6
Let k be (-3)/4*(5 + -9). Suppose -k*w + 143 + 4 = 0. What is the remainder when w is divided by 17?
15
Let h(i) = i + 10. Let v be h(-5). Let l(d) = d**2 - 3*d - 4. What is the remainder when l(v) is divided by 2?
0
Suppose 5*n + 68 = 9*n. Calculate the remainder when 42 is divided by n.
8
Let c = 197 + -59. What is the remainder when c is divided by 28?
26
Let k(g) = 2*g + 0 + 4 - 3. Let h be k(2). What is the remainder when 25 is divided by (-54)/15*h/(-2)?
7
Let y be 9/(-27) + 4/(-6). Calculate the remainder when 46 is divided by (y/2)/((-2)/48).
10
Let c = -5 - -72. Calculate the remainder when c is divided by 23.
21
Let o = -12 + 18. Let s(x) = 2*x**2 + 15*x + 13. Let w be s(-10). Suppose 0 = 5*l - 0*z - 2*z - w, 0 = z + 4. What is the remainder when l is divided by o?
5
Suppose -2*g - 2*f + 12 = 0, 2*g - 4*f = -9*f + 24. Suppose 0 = -g*m - 4*a + 18, 2*a = -4*m - 0*a + 18. Calculate the remainder when 11 is divided by m.
2
Let b = -19 + 35. Let l = -29 - -59. Calculate the remainder when l is divided by b.
14
Let g(d) = 6*d + 6. Let r be g(5). Suppose -r = -2*l - l. What is the remainder when l is divided by 7?
5
Let q = -37 + 42. What is the remainder when (-194)/(-10) + 2/(-5) is divided by q?
4
Let p = 72 + -10. Suppose -5*v + 105 = -0*v. What is the remainder when p is divided by v?
20
Let v(q) = -3*q + 0*q + q**2 + 0*q. Let i(s) = 6*s**3 - 2*s**2. Let r be i(1). Calculate the remainder when 6 is divided by v(r).
2
Let n(w) = -w**2 + 5*w + 14. Let u = 26 - 20. What is the remainder when (-29)/(0 - (-1 + 2)) is divided by n(u)?
5
Suppose 63 = 4*q - 4*p - 25, 25 = -5*p. What is the remainder when 33 is divided by q?
16
Let d = -9 + 4. Let z(f) = f**3 - 6*f**2 + 7*f. Let r be z(5). Let t = r + d. Calculate the remainder when 14 is divided by t.
4
Let b(n) = 47*n**3 - n**2. Calculate the remainder when 229 is divided by b(1).
45
Let r(g) = 29*g + 3. Suppose 4*w - 2*s = 116, 4*w - 39 - 97 = -3*s. Calculate the remainder when r(3) is divided by w.
28
Let o be (6/9)/(1/72). Suppose 5*i = 242 + o. What is the remainder when i is divided by 15?
13
Let z = -61 - -102. Calculate the remainder when z is divided by 7.
6
Suppose -11*m + 203 = -512. Suppose 0 = u - 5*u + 5*n + 103, -3*u - 5*n = -51. Calculate the remainder when m is divided by u.
21
Suppose 6 + 2 = -2*s, -5*n + 764 = -s. Suppose -3*g + 18 = j - 8*g, -2*j = 4*g + 20. What is the remainder when (2/(-4))/(j/n) is divided by 20?
18
Let o(l) = l**3 + l + 95. Let t = -9 + 9. Calculate the remainder when o(t) is divided by 24.
23
Suppose -3*v - 2*z + 31 = 0, -z = -2*v - 0*v + 9. Suppose 0 = -d + 3 + v. Calculate the remainder when 38 is divided by d.
8
Suppose -2*h + 46 - 2 = 0. What is the remainder when h is divided by 9?
4
Suppose 29 = -2*u + 103. Let i = -13 - -21. Calculate the remainder when u is divided by i.
5
Calculate the remainder when 77 is divided by 2/10 - 1659/(-105).
13
Suppose 4*n = -3*d + 47, -4*d - n = 2*n - 58. Suppose -3 = -i + d. Let z(h) = h**3 - 10*h**2 + 2*h + 27. Calculate the remainder when z(10) is divided by i.
15
Let i(t) = -t**3 + 9*t**2 + 17*t - 31. Calculate the remainder when i(10) is divided by 21.
18
Let a = -2 + -3. Let w = 14 + a. Calculate the remainder when 17 is divided by w.
8
Let z(k) = 6*k**2 + 1. Suppose -4 = -v - i, -4*i + 9*i = v + 14. What is the remainder when z(v) is divided by 4?
3
Suppose 4*w + w - 75 = 0. Suppose w - 5 = q. Calculate the remainder when q is divided by 4.
2
Let h = 15 - 2. What is the remainder when (-496)/(-13) - (-6)/(-39) is divided by h?
12
Let i = -47 - -29. Let v = 36 + i. Suppose -4*o = -2*o - v. What is the remainder when 24 is divided by o?
6
Suppose 3*v = 2*c - 2 - 3, -2 = -3*v - 5*c. Calculate the remainder when 48 - (-1 - (v + 2)) is divided by 17.
16
Calculate the remainder when (-1)/5*(8 - 13) is divided by (4/(-10))/((-8)/20).
0
Calculate the remainder when (-2)/(-7) + 1056/77 is divided by 6.
2
Suppose 3*i - 12 = -i. Calculate the remainder when 0 - (0 - (14 + 0)) is divided by (3/1)/i - -7.
6
Let v(p) = -27*p**2 - 2*p - 1. Let j(f) = 27*f**2 + 3*f + 2. Let x(w) = -2*j(w) - 3*v(w). What is the remainder when x(-1) is divided by 14?
12
Let i(b) = -b - 3. Let j be i(-4). Suppose -k - 3*o + 3 = 0, -o + 0 + j = 2*k. Suppose 40 = -k*t + 2*t. Calculate the remainder when 59 is divided by t.
19
Suppose 45 = 5*o + p - 4*p, -3*o + p = -23. Calculate the remainder when 11 is divided by o.
5
Let b = -291 + 630. Suppose 3*k = 5*c + 254, 3*c - 75 = 3*k - b. Suppose a = -35 + k. What is the remainder when a is divided by 20?
18
Suppose 3*g - 116 = g. What is the remainder when g is divided by 12?
10
Let h(u) be the third derivative of -u**4/24 - u**3 + 2*u**2. What is the remainder when 4 is divided by h(-8